2 - 12?
1020
In base 12, what is -441 - 15?
-456
In base 8, what is -3 - 31?
-34
In base 9, what is -45 - -7?
-37
In base 14, what is 3 - -286?
289
In base 4, what is 301 + -2103?
-1202
In base 7, what is 1 - -25?
26
In base 6, what is -10 + 1033?
1023
In base 2, what is 1111101001000 + 1?
1111101001001
In base 5, what is 101243 - -1?
101244
In base 9, what is -4 - -412?
407
In base 5, what is 0 + 102?
102
In base 5, what is -314120 + -3?
-314123
In base 13, what is -3 - -635?
632
In base 16, what is 9 + 5?
e
In base 2, what is 1 - 11000000?
-10111111
In base 10, what is -2 + 26?
24
In base 14, what is -4b - 3?
-50
In base 14, what is a6 + 0?
a6
In base 3, what is 11 - 10?
1
In base 13, what is 3 - 581?
-57b
In base 13, what is a + 8?
15
In base 10, what is 13 - -5?
18
In base 13, what is 39 + 4?
40
In base 11, what is 86 + 1?
87
In base 13, what is -3b + 9?
-32
In base 3, what is -211 + 112?
-22
In base 7, what is 233 - 2?
231
In base 10, what is 0 + -545?
-545
In base 12, what is 13 - -3?
16
In base 10, what is -2 - -2581?
2579
In base 7, what is 16 + -154?
-135
In base 3, what is -20 - -11110?
11020
In base 6, what is -3 + 1?
-2
In base 15, what is 5 - -103?
108
In base 10, what is -10 + -50?
-60
In base 9, what is -341 - -2?
-338
In base 5, what is 2020 - 2?
2013
In base 14, what is -47 + 5?
-42
In base 10, what is 706 - -10?
716
In base 6, what is 4 + -154?
-150
In base 3, what is -21122 + -10?
-21202
In base 10, what is -50 + 1?
-49
In base 16, what is 28 + a?
32
In base 7, what is 0 + 51?
51
In base 7, what is 10 + -230?
-220
In base 14, what is 65 + 1?
66
In base 12, what is -3 - -274?
271
In base 4, what is -32 - 3?
-101
In base 5, what is -41232 + 1?
-41231
In base 11, what is 5 + 2a65?
2a6a
In base 14, what is 507 - 10?
4d7
In base 8, what is -13 + -30?
-43
In base 10, what is 0 - 10155?
-10155
In base 5, what is 4 + -10?
-1
In base 9, what is -5 + -575?
-581
In base 5, what is 10 + 33?
43
In base 7, what is -241 + -5?
-246
In base 3, what is -12 + -100121?
-100210
In base 11, what is 141 + -1?
140
In base 15, what is 39 + 34?
6d
In base 16, what is 141 - 4?
13d
In base 9, what is -4 + -148?
-153
In base 13, what is -6 - -2?
-4
In base 11, what is -4 - -907?
903
In base 5, what is 311 + -201?
110
In base 9, what is -2 - -1204?
1202
In base 12, what is 4 - 3486?
-3482
In base 15, what is 6 - de?
-d8
In base 5, what is -30 - 202?
-232
In base 5, what is -4 - 112?
-121
In base 10, what is -91 + 8?
-83
In base 4, what is 313100 + 2?
313102
In base 16, what is 0 + -fa?
-fa
In base 3, what is -10 - 2011?
-2021
In base 9, what is -515 - 2?
-517
In base 10, what is -1 - 117?
-118
In base 12, what is -79 - 3?
-80
In base 6, what is -3003 - 3?
-3010
In base 10, what is -4 - 418?
-422
In base 7, what is 15444 + 3?
15450
In base 7, what is -2156 + 0?
-2156
In base 2, what is -1001001000101111 + 100?
-1001001000101011
In base 2, what is 1010 - -10010111100?
10011000110
In base 11, what is 835 - -4?
839
In base 12, what is 0 + 35?
35
In base 5, what is -2 + -104101?
-104103
In base 15, what is 50 - 1?
4e
In base 10, what is -3416 + 3?
-3413
In base 6, what is -5 + -1220?
-1225
In base 2, what is 11 + -100110101?
-100110010
In base 4, what is -10 - -1301?
1231
In base 6, what is -515 + -13?
-532
In base 11, what is -148 - 25?
-172
In base 3, what is 2 - -100221200?
100221202
In base 5, what is -103 - -11012?
10404
In base 5, what is -4 - 23?
-32
In base 4, what is -311 + -21?
-332
In base 14, what is -4 - -37b?
377
In base 8, what is 37114 - -2?
37116
In base 5, what is -121 + 10?
-111
In base 7, what is 111 - 5?
103
In base 13, what is 2c0 - 7?
2b6
In base 8, what is -3 + 211?
206
In base 12, what is b + 311?
320
In base 9, what is -5 - 111?
-116
In base 12, what is 23 + -5?
1a
In base 2, what is 0 - 101111000011?
-101111000011
In base 13, what is 108 + -5?
103
In base 8, what is -2 + 3?
1
In base 5, what is -2002 + -1?
-2003
In base 12, what is -2424 - 2?
-2426
In base 3, what is -112102 + 210?
-111122
In base 6, what is -152411 - 4?
-152415
In base 3, what is -20 + 1202?
1112
In base 12, what is 23b + 4?
243
In base 13, what is -103 + 2?
-101
In base 2, what is -110 - 1001001?
-1001111
In base 14, what is 1 + -1cdd?
-1cdc
In base 2, what is -100 + 10110?
10010
In base 11, what is -62a - -4?
-626
In base 11, what is 31 - 17?
15
In base 2, what is 11110101111000 - 10?
11110101110110
In base 8, what is 100 + -4?
74
In base 9, what is -3 - 173?
-176
In base 6, what is 53 + -4?
45
In base 10, what is 0 + 8?
8
In base 13, what is 6225 + 4?
6229
In base 3, what is 12 - -1011?
1100
In base 5, what is -11214 - 10?
-11224
In base 14, what is -654 + 4?
-650
In base 6, what is -355 + -5?
-404
In base 3, what is 2201 - -120?
10021
In base 7, what is 11 + 141?
152
In base 15, what is 5 - 109?
-104
In base 4, what is 230 + -11?
213
In base 14, what is -b15 - -a?
-b09
In base 15, what is -a9 + 1?
-a8
In base 3, what is 0 + -1211?
-1211
In base 4, what is -1301 + -2?
-1303
In base 7, what is 53 - 232?
-146
In base 5, what is 0 - -12?
12
In base 8, what is 0 - -424?
424
In base 11, what is 66 + -1?
65
In base 3, what is -10 + 21022?
21012
In base 11, what is -25 + 2?
-23
In base 10, what is 7844 + 4?
7848
In base 16, what is 46 + 5e?
a4
In base 13, what is 476 + 8?
481
In base 9, what is 3 + 255?
258
In base 4, what is 30120 + 10?
30130
In base 15, what is -b + 2a?
1e
In base 7, what is -3061 + -2?
-3063
In base 7, what is -164 - 5?
-202
In base 11, what is -58a + 5?
-585
In base 15, what is -d19 - 4?
-d1d
In base 11, what is -229 - 25?
-253
In base 13, what is 0 - 2c?
-2c
In base 8, what is 173 - -60?
253
In base 7, what is 3 - -1222?
1225
In base 8, what is 2 + -25?
-23
In base 2, what is 11 + -1000011?
-1000000
In base 9, what is 5012 - -5?
5017
In base 5, what is -20 - -12222?
12202
In base 11, what is 6 + 42?
48
In base 8, what is -334 + 3?
-331
In base 5, what is -1034 - 14?
-1103
In base 8, what is -157 - 33?
-212
In base 3, what is -10212 - 0?
-10212
In base 13, what is -2 + -1c?
-21
In base 16, what is 50 + 52?
a2
In base 15, what is -2 - 1bd?
-1c0
In base 4, what is -2033 - -100?
-1333
In base 10, what is -264 + 5?
-259
In base 6, what is 113 + -10?
103
In base 13, what is 112 - 4?
10b
In base 4, what is 11322 - -11?
11333
In base 3, what is 10 - 101?
-21
In base 13, what is -1 - 295?
-296
In base 10, what is 2 + 483?
485
In base 2, what is 110110011 - -1100?
110111111
In base 3, what is -12 + 2220?
2201
In base 2, what is -1100000 - 10?
-1100010
In base 15, what is -5 + cc?
c7
In base 7, what is -553 + 2?
-551
In base 11, what is -2 - 30?
-32
In base 7, what is 56 - 0?
56
In base 5, what is 413223 + -1?
413222
In base 6, what is 11102 + 1?
11103
In base 15, what is 2 + -144c?
-144a
In base 9, what is 1 - 142?
-141
In base 7, what is 0 + 2606?
2606
In base 11, what is -11 + -36?
-47
In base 13, what is -a3 + -3?
-a6
In base 15, what is 3 - -1b1c?
1b20
In base 13, what is -151 - 1?
-152
In base 5, what is 101 + 30?
131
In base 11, what is -51 + 32?
-1a
In base 3, what is 2 + 2010?
2012
In base 5, what is 1 + -101?
-100
In base 6, what is 221 + -3?
214
In base 11, what is -3a - 9?
-48
In base 13, what is -2 + 120?
11b
In base 8, what is -5 + -11?
-16
In base 6, what is 0 - 1334?
-1334
In base 2, what is 1010000011110 - 100?
1010000011010
In base 15, what is 566 + 2?
568
In base 13, what is 9 + -6a?
-61
In base 11, what is 170 + 4?
174
In base 7, what is 2311 - -13?
2324
In base 5, what is -212 - 1?
-213
In base 6, what is -25233 - 5?
-25242
In base 11, what is -39 + -4?
-42
In base 7, what is 24115 + -2?
24113
In base 12, what is -3 - -85?
82
In base 14, what is -10 + -63?
-73
In base 5, what is 0 - -4413?
4413
In base 8, what is -131 + -14?
-145
In base 10, what is 236 + 2?
238
In base 5, what is -3 - 2220?
-2223
In base 6, what is -4 + -442?
-450
In base 2, what is 0 + -1000111?
-1000111
In base 3, what is -1020 - -2210?
1120
In base 7, what is 4 + -20?
-13
In base 3, what is -201 - 111?
-1012
In base 2, what is -1010 - -110?
-100
In base 6, what is 4 + -5005?
-5001
In base 8, what is -145 - 3?
-150
In base 10, what is 42 - -70?
112
In base 13, what is 74a + -4?
746
In base 8, what is -147 + 14?
-133
In base 10, what is -736 - -7?
-729
In base 4, 